t y(g) be the third derivative of g**2 - 1/24*g**4 + 4*g + 0 + 11/6*g**3. Calculate y(0).
11
Let w(y) = -y**2 + 14*y - 8. Let p be (1 - 18)*(-1 + -10 + 7). Suppose 72*m - 52 = p*m. Determine w(m).
5
Let o(t) = -t**3 + t**2 - t - 5. Let i = -20 + 100. Suppose 0 = -5*k + i + 145. Let z = 45 - k. Give o(z).
-5
Let p(j) = -12157*j**3 + 1 + 12158*j**3 - 19*j - 53*j**2 + 31*j**2 + 23*j**2. Determine p(-5).
-4
Let i(q) = -6*q - 9. Let u be (18 - -3 - 4)*1. Suppose u*w + 90 = 7*w. Calculate i(w).
45
Suppose 0 = 55*a - 406 + 351. Let s(i) = 18*i**2 - 6*i + 8. Calculate s(a).
20
Let h(g) = 4*g - 3 + 86*g**2 - 3*g - 87*g**2. Let s(f) = -f**3 + 8*f**2 + 10*f. Let x be s(9). Suppose -2*n = 5*l - x - 0, -3*n = l + 6. Calculate h(l).
-9
Suppose 22*b - 206 = -145*b - 206. Let l(c) be the third derivative of 0*c - 33*c**2 + 1/24*c**4 - 2*c**3 + 1/60*c**5 + b. Calculate l(0).
-12
Let d(q) = -6 + 0*q - 2*q - 63667*q**2 - q**3 + 63670*q**2. Give d(2).
-6
Let w be (-18392)/(-2584) + 6/(-51). Let u(t) = 5*t**2 + 13*t. Suppose -3*k = 2*k - 5. Let q(p) = p**2 + p. Let b(d) = k*u(d) - 6*q(d). What is b(w)?
0
Let g(v) = 3*v**2 - 32*v + 2. Let a be g(10). Let u = 17 + a. Let d(j) = -3*j. Determine d(u).
3
Suppose -24 - 45 = 90*g + 21. Let f(d) be the first derivative of -7*d**5/60 - d**4/24 + d**3/3 + 2. Let x(z) be the third derivative of f(z). Give x(g).
13
Let x(a) = a - 82. Let g(y) = 3*y - 150. Let i(p) = 4*g(p) - 7*x(p). Calculate i(6).
4
Let p(h) = -h**2 - 112*h - 23. Let c(u) = -3*u**2 - 595*u - 114. Let y(b) = -2*c(b) + 11*p(b). What is y(-8)?
-9
Let l(z) = 3*z + 70. Suppose -18 = -2*h - 4*q, 4*q - 25 = 52*h - 53*h. Calculate l(h).
49
Let u(q) = 2*q**2 - 4*q - 7. Let v(d) = -2*d + 11 + 8*d - 164*d**2 + 161*d**2. Let s(y) = 8*u(y) + 5*v(y). Let w be s(0). Let z(n) = 2*n**2 - n. Give z(w).
3
Let y(f) be the second derivative of -f**5/20 + 5*f**4/12 - 4*f**3/3 + 7*f**2/2 + 1148*f. What is y(4)?
-9
Let i(p) = p - 13. Let x(s) = 2*s - 20. Let q(w) = 7*i(w) - 5*x(w). Suppose 2*y + 2 = 0, 3*y = 2*g + 1 - 14. Calculate q(g).
-6
Let z(n) = -27*n**3 + 209*n**2 - 21*n + 240. Let k(u) = -5*u**3 + 41*u**2 - 4*u + 48. Let g(v) = 11*k(v) - 2*z(v). Give g(33).
-18
Let g(p) = -p + 5*p + p - 13*p + 28. Calculate g(4).
-4
Let k = -70 - -63. Let i(j) = -7*j**2 - 17*j - 119*j**3 + 118*j**3 + 19*j. Give i(k).
-14
Suppose -4*y = -4*k + 8, 3*k = 7*k + 4*y - 32. Let i(m) = -31*m + 9*m + 23*m - 4. Determine i(k).
1
Let j(x) be the third derivative of x**4/12 - x**3/2 + 2*x**2 - 65. Suppose 0 = -4*y + 3*t, -t = 2*y - 0*y + 10. Let w = y + -3. What is j(w)?
-15
Suppose 0 = -m - 5*y - 12, -3*m + 8*m = 5*y. Let l(u) = -u**2 + 4*u. Let j(g) = 2*g**2 - 9*g + 1. Let k(p) = 2*j(p) + 5*l(p). Give k(m).
-6
Let n(d) = -d**3 - 3*d**2 + 4*d. Let m(k) = -46 - 2*k + k**2 + 7*k + 48. Let u be m(-5). Suppose 8*o = -34 + u. Determine n(o).
0
Let b = 7 - 4. Let w(a) be the third derivative of a**6/40 - a**5/15 + 2*a**3/3 - 3077*a**2. What is w(b)?
49
Suppose 4*n - 17 = -a, 2*a = -2*a - 5*n + 57. Suppose 6 = 2*j - s, -9*s + 16 = -a*s. Let w(l) = -13*l**2. Calculate w(j).
-13
Let h(i) = i**3 - 6*i**2 + 7*i - 2. Suppose 5*l + 27 = 4*x, 5*l - 6*l - 9 = -2*x. Let v be 6/(-4)*(10/l + 0). Calculate h(v).
8
Let s(x) be the third derivative of 5*x**4/6 + x**3/6 - 164*x**2 + 5*x. Let g be (-3)/((-9)/(-2))*-3. What is s(g)?
41
Let c be (2 - -2 - 6) + 1 + -14. Let k(s) be the first derivative of s**4/4 + 5*s**3 - s**2/2 - 16*s + 209. Determine k(c).
-1
Let t(q) = -95. Let b(c) = -c + 19. Let a(m) = 5*b(m) + t(m). Suppose 1 = 3*h - y, 0 = -4*h + 2*h + y. Calculate a(h).
-5
Let b(k) = 3*k + 1. Suppose 0*n = -3*n + 6. Let t(w) = n*w - 1 + 2 + 1 + 0*w. Let f(m) = -4*b(m) + 5*t(m). What is f(4)?
-2
Let t = -259 + 260. Let f(y) = -y - t - 2 + 0*y - 5 - 6. Give f(-12).
-2
Let n be (117/(-52))/(3/(-16)). Let l be (8/n)/(3/(-9)). Let j be (4 - 1) + -1 - l. Let b(k) = -k**3 + 5*k**2 - 5. Determine b(j).
11
Let f(l) = 5*l**2 + 14*l + 12. Let y(w) = -45*w**2 - 122*w - 108. Let o(q) = -19*f(q) - 2*y(q). Give o(-5).
-27
Let n(i) = 16*i - 672. Let a be n(42). Let s(b) = 4*b**2 - 2*b + 7. Calculate s(a).
7
Let v be 2*(3 - 4 - (-21)/(-6)). Let p(u) = u**3 + 7*u**2 - 13*u - 13. Let a be p(v). Let z = 54 + a. Let r(f) = f + 2. Calculate r(z).
-2
Let b(n) = 2*n**2 + n + 3. Let z(p) = p**2 + p + 4. Suppose -2*o + 1 = -4*l - 5, -6 = 5*l - 4*o. Let i(g) = l*z(g) + 3*b(g). Calculate i(-1).
4
Let t(i) = -29*i**2 + 7*i - 15. Let g(k) = 17*k**2 - 3*k + 7. Let y(d) = 5*g(d) + 3*t(d). Calculate y(3).
-10
Let z(o) = 3365*o - 1665*o + o**2 - 3 + 2*o**2 - 1722*o. Give z(11).
118
Let p(n) = -n**2 - 56*n + 426. Let w(s) = -14*s + 109. Let g(q) = -4*p(q) + 15*w(q). Give g(-6).
-9
Let n(v) be the first derivative of -2*v**3/3 + 4*v**2 - 10*v + 365. Suppose 7 = -2*h + 3*u, 2*h = 6*u - u - 17. Determine n(h).
-10
Let p(z) = z**2 + 38*z + 89. Let m be 7*(-138)/21 + (0 - -11). Calculate p(m).
-16
Let h(z) be the second derivative of z**5/20 - z**4/3 - z**3/3 - z**2/2 - 396*z. Determine h(4).
-9
Let t(i) = -4*i**3 - 2*i**2 + 2*i - 1. Let c(a) = 37*a - 101. Let g be c(3). Let h(o) = o**3 + 6*o**2 - o + 5. Let k be h(-6). Let v = k - g. What is t(v)?
-5
Let g(r) = 14*r - 11. Let k = -5777 + 5778. Determine g(k).
3
Let p(z) = z**3 - 4*z**2 - z + 2. Let r be p(4). Let n(s) be the first derivative of -s**2/2 + 4*s + 3050. Calculate n(r).
6
Let r(h) = -h**2 + 2*h**2 - 44 - 28067*h + 28062*h. What is r(9)?
-8
Let r(q) be the third derivative of q**5/60 - 5*q**4/8 - 19*q**3/2 + 1743*q**2. Give r(18).
-3
Let o(r) = -r + 5. Let s = 1030 - 1023. Calculate o(s).
-2
Let y = 46118 - 46115. Let h = 7 + -3. Let r(w) = -3*w + 2*w**2 + 4 - h. Determine r(y).
9
Let z(i) = -5*i - 23. Suppose 119 = -33*h - 145. Give z(h).
17
Let s(h) = -25913*h + 11 + 25912*h - 2. Suppose 3*c = 3*m + 2*m + 18, -5*c + 61 = 2*m. Let x be 68/c - 16/88. What is s(x)?
3
Let s(c) = 18*c + 43*c + 0*c - 11877 - 11879 + 23757. Determine s(1).
62
Let v(p) = -8*p**2 - 2 - 3*p + 11*p**2 + 5*p. Suppose -5*j + 46 - 49 = o, 0 = o - 3*j - 21. Let z be 16/o*(-18)/12. What is v(z)?
6
Suppose 2*o - 13 = -2*l + 5, -3*l - 2*o + 30 = 0. Let i(z) = 15 - 6*z**2 + l*z - 11178*z**3 + 11177*z**3 - 3*z**2 - z**2. Determine i(-11).
4
Let m = 18 - 16. Let x be m/(-6) - ((-20)/(-12) - -5). Let b(o) = -o**3 - 8*o**2 - 7*o - 9. What is b(x)?
-9
Let y = 80224 - 80227. Let v(l) be the second derivative of -l**4/12 - l**3/2 - l**2 + 3*l. Give v(y).
-2
Let r = 15286 + -15291. Let a(g) be the third derivative of g**6/120 + g**5/15 - g**4/8 - g**3/3 - g**2. Give a(r).
-12
Let f = 16 + -8. Suppose 3*w - f = 10. Let b(c) = 20*c**2 - 639*c + 27. Let h(k) = -7*k**2 + 225*k - 9. Let g(l) = -6*b(l) - 17*h(l). What is g(w)?
9
Let j(o) = -62*o - 8613. Let x be j(-139). Let l(h) = -h - 12. Calculate l(x).
-17
Let l be (-2)/((2/215)/(108/(-60))). Let o(a) = -l*a - 2 + 0 + a**3 + 194*a - 3*a**2 + 192*a. Give o(3).
-5
Let v(g) = -100*g**2 - 8 + g**3 + 10*g + 175*g**2 - 84*g**2. What is v(6)?
-56
Let a(z) be the first derivative of -9 + 2/3*z**3 + 3/2*z**2 + 23*z - 1/6*z**4. Let j(m) be the first derivative of a(m). What is j(4)?
-13
Suppose -i - 5*y = 10, 71 - 21 = -2*i + 5*y. Let z(f) = -2 - 3 + 12 + 15 + 20*f**2 + f**3 - 8*f + 9*f. What is z(i)?
2
Let r(f) = f**2 - 6*f - 9. Let q(d) = -15*d**2 - d**3 + 6*d**2 - 10*d + 54 - 61. Let u be q(-8). Give r(u).
18
Let j be 347/15 + (-10)/75. Suppose -j*s - 20 = -27*s. Let k(n) = s*n + 6 + n - 5 - 2. Give k(-4).
-25
Let r be -5*(-32 + 22)*18/75. Let z(b) = b**3 - 15*b**2 + 37*b - 5. What is z(r)?
7
Let c be 9831/1921 - 2/17. Let d(j) = -j**2 - 4*j - 3. Calculate d(c).
-48
Let m(v) be the first derivative of -10 + 3/2*v**2 + 8*v. Let q be m(-4). Let p(x) = -x + 4. Calculate p(q).
8
Let n(b) = -b**3 - 4*b**2 + 4. Let a(l) = -4*l - 34. Let s be a(-8). Let t be (-11*6/(-66))/(s/8). Calculate n(t).
4
Let y(f) = 43*f - 56. Let b(s) = 69*s - 84. Let z(g) = 5*b(g) - 8*y(g). Determine z(9).
37
Let b(t) = -11*t**3 + 5*t**2 - 17*t + 12. Let i(n) = -20*n**3 + 11*n**2 - 33*n + 24. Let p(l) = -9*b(l) + 5*i(l). What is p(9)?
-15
Let d(a) = -a**3 - 2*a**2 + 3*a. Let j = 49 - 97. Let q = j - -52. Let u be -6 - (-35)/10 - 2/q. Give d(u).
0
Let v be 36*((-4)/8*-6 - 20/8). Let g(w) = -4*w + 72. Calculate g(v).
0
Let